.
-3
Let p(s) = -3*s - 2. Let y(q) = -q. Let m(a) = -p(a) + 4*y(a). Give m(-4).
6
Let p(o) = 4*o - 3. Let v(q) = q**3 - 23*q**2 + 22*q - 3. Let s be v(22). Determine p(s).
-15
Let q(o) = -4*o - 1. Let k(n) = -n. Let c = -4 - -5. Let i(a) = c*q(a) + 5*k(a). What is i(1)?
-10
Let g(v) = 3 - 6*v + 2*v - 1. Let r(s) = -4 + 4*s - 2*s + 3. Let f(h) = -3*g(h) - 5*r(h). Determine f(-1).
-3
Let i(u) be the first derivative of -u + 2 - 1/2*u**2 - 2*u**3. Give i(-1).
-6
Let a(d) = -d**2 + 7*d + 6. Suppose m + 9 = t, -17 = -2*t - 3*m + 4*m. Calculate a(t).
-2
Let k(m) = -5*m**2 + m - 1. Let d(l) = 5*l**2 - l + 1. Let a(z) = 5*d(z) + 6*k(z). Give a(1).
-5
Let p(j) = 8*j**3 + j**2 - 1. Let n(o) = -o**2 + 6*o + 6. Let x(a) = a**2 - 2. Let t be x(-3). Let h be n(t). What is p(h)?
-8
Let h(n) = -3*n + 1 + n + 13*n + 2*n. Determine h(1).
14
Let k = 3 - -1. Let x(r) = 2*r**2 - 2*r**2 - k*r**2 + 5*r**2 - 3. Give x(0).
-3
Suppose -5*r + 8*r - 3*m = -6, 0 = 5*r - 4*m + 11. Let z(o) = -o - 2. What is z(r)?
1
Let x(c) = 17*c**2 + c. Suppose -5*v - w = -10*v - 51, 2*v - 3*w + 10 = 0. Let f(k) = -6*k**2. Let l(h) = v*f(h) - 4*x(h). Determine l(-3).
-6
Let w(f) be the first derivative of 1/3*f**3 - 3 + f**2 + f. Determine w(-3).
4
Let u = 14 + -36. Let o = u - -28. Let k(r) = r + 3. What is k(o)?
9
Let w(r) = r**3 + 3 - 5*r**2 + 1 - 4 - 6. Determine w(5).
-6
Let i(r) = 2*r - 20. Let j(v) = -v + 9. Let n(g) = -4*i(g) - 9*j(g). What is n(-8)?
-9
Let o(n) = -n**2 - 3*n + 6. Let j be -2 - 0 - (38 + 0). Let f = j - -60. Suppose f = -4*d - 0*d. What is o(d)?
-4
Let y = 5 - 7. Let d = 0 + y. Let i(c) = c. Let z(r) = -3*r + 2. Let n(j) = d*i(j) - z(j). Calculate n(2).
0
Suppose -v + 3*b - 2 = -2*b, 8 = 4*b. Suppose 4*s + v = -0. Let z(h) = -h**2. Let m(k) = 6*k**2 + k - 1. Let c(w) = -m(w) - 4*z(w). Determine c(s).
-5
Let u = -64 + 61. Suppose 2*o = 5*l + o + 4, -3*o + 12 = 4*l. Let v(m) = -m**2 + 3 + l - 1 - 2*m. What is v(u)?
-1
Let t(z) = -2*z + 12. Let p be t(6). Let u(k) = -k - 8. Determine u(p).
-8
Let g(z) = -4*z - 3. Let a(d) = -d**3 + 14*d**2 - d + 11. Let x be a(14). What is g(x)?
9
Let w(t) = -3*t**2 + 8*t - 5. Let i(m) = 2*m**2 - 7*m + 4. Let q(c) = 4*i(c) + 3*w(c). Calculate q(-5).
-4
Let o(j) = -j + 8. Let d = -60 - -65. What is o(d)?
3
Let y(b) = 2*b**3 + 2*b**3 - b**3 + 2*b**2 - 3*b - 2*b**3. Determine y(-3).
0
Let y = -8 - -11. Suppose -2 - 1 = -y*q. Let k(s) = 9*s**3 + s**2 - 1. Give k(q).
9
Let f(w) = 0*w**3 - w**3 + 11*w**2 + 5 - 4*w - 5*w**2. Calculate f(5).
10
Let t be 6*((-20)/(-12))/5. Let l(f) = -f**3 - 2*f**2 + f - 1. Calculate l(t).
-15
Suppose 6*z - 15 + 3 = 0. Let f(o) = 0*o**2 - 6*o + 5 + 2*o + 3 - o**z. Give f(-6).
-4
Let b(h) be the first derivative of -2*h**2 - 5*h + 1/3*h**3 - 1. Suppose -4*k + 12 = x - 13, 5 = x. Determine b(k).
0
Suppose 5*n = -4*r - 1, 0 = -r + n - 2*n. Let y be 2 - (r + 2) - 1. Let f(s) = -12 + 10 + s + 4. Give f(y).
0
Let w(n) = n - 2. Let f be w(4). Let m(p) = p**f + 3*p - p + 3 - 4*p. Give m(2).
3
Let p(f) be the second derivative of f**4/12 + f**3/6 + f**2 - 3*f. Let o(i) be the first derivative of p(i). Calculate o(-2).
-3
Let c(w) = -w + 7. Suppose 5*f + 84 = 14. Let o be (-34)/(-6) - f/(-21). What is c(o)?
2
Suppose -x + 2 = -0*x. Suppose -x = -g - 0. Let i(c) = 2 - 3 - c + 2 + c**g. Calculate i(-2).
7
Let a(v) = -6*v**2 - 1 + v**3 + 0 - 2*v - v - 5. What is a(6)?
-24
Let t(c) = c**2 + 1. Let z(w) = 4*w**2 + 2*w + 4. Let v(s) = -5*t(s) + z(s). Suppose -2*o + 55 = 3*o. Let n = 15 - o. Give v(n).
-9
Let d(j) be the second derivative of j**4/12 - 4*j**3/3 - 3*j**2/2 - 47*j. Determine d(9).
6
Let y be 5/2 - 2/4. Let m(s) = 3*s + 1. Give m(y).
7
Suppose -3*h - 2*c + 17 = -1, -4*h - 3*c = -25. Suppose 0*r = 2*r + j - 5, j + 3 = 0. Let m(k) = -5*k - 1 - 4 + r + k**2. Give m(h).
-5
Let d(h) = h + 12. Let c(k) = -3. Let n(m) = 9*c(m) + 2*d(m). Calculate n(3).
3
Let u(d) = -230*d + 11*d**3 - 1 + 230*d. Determine u(1).
10
Let b be (9/(-2))/(-9) - (-11)/(-2). Let k(n) = n + 1. Calculate k(b).
-4
Let o be 2 + 10*(2 - 3). Let b(a) = 2*a + 10. Give b(o).
-6
Let y(i) be the second derivative of -1/20*i**5 + 1/12*i**4 - 3/2*i**2 - 2*i + 0*i**3 + 0. Give y(0).
-3
Suppose 14*l - 27 - 1 = 0. Let k(m) = -8*m. Give k(l).
-16
Let j = -6 - -3. Suppose 2*u = 2*g - 4, -4*g + 12 = 2*u - 2*g. Let z(l) = l + 12 - 8 + u*l. Determine z(j).
-5
Suppose -z - 10 = -3*z. Let k = 0 + z. Suppose k + 0 = -b. Let p(x) = -x**3 - 4*x**2 + 6*x + 3. Determine p(b).
-2
Let a(x) be the second derivative of -x**4/12 + 5*x**3/6 + x**2/2 - 34*x. Determine a(5).
1
Let c(t) = t**3 + 7*t**2 + 7*t - 2. Suppose 0*j + 30 = -j + 5*h, -5 = -h. Determine c(j).
13
Suppose 4*o - 4*u + 10 = -10, 0 = -4*u + 16. Let y = o + 3. Let k(n) = 0*n + 4 + y*n**2 + 2*n**2 - n**3 - 2*n. What is k(3)?
7
Let q(w) = -w**2 - 4*w + 4. Suppose -8 = 13*c - 11*c. Give q(c).
4
Suppose 4*x = z - 4*z + 13, 0 = -4*z + 12. Suppose -4*q = 4 - 24. Let r(b) = x + 2*b + 2 - q. Give r(-2).
-6
Let y(d) = 7*d + 3*d + 0*d**3 - 2*d**2 - 3*d**3 - 8*d. Determine y(2).
-28
Let v(j) = 1. Let y(l) = 6*l - 2. Let m(u) = 6*u - 1. Let t(w) = 3*m(w) - 4*y(w). Let i(h) = -t(h) + 6*v(h). Calculate i(-1).
-5
Let d(p) = 2*p - 17. Let t be d(4). Let s(w) = 2*w + 12. Determine s(t).
-6
Let p(s) = s**3 + 6*s**2 + 4*s. Suppose 0 = 4*g - 6*g - 6. Give p(g).
15
Let l(t) be the first derivative of t**4/4 + 4*t**3/3 - 5*t**2/2 + 3*t - 5. Determine l(-5).
3
Let u(l) be the third derivative of -7*l**5/60 + l**4/12 - l**3/6 + 37*l**2. Suppose -45 = -8*d + 5*d. Suppose -5*m + 2*a + d = 0, m - 1 = -a - 5. What is u(m)?
-6
Let h(t) = -t**2 + 5*t + 2. Let x be h(6). Let o(p) be the third derivative of 1/6*p**3 + 1/6*p**4 + 0*p + 1/60*p**5 - 2*p**2 + 0. Calculate o(x).
1
Let q(l) = -4*l**2 + 3*l**2 - 8 + 0*l**2. Suppose 3*d + 19 = h - 6*h, -3*d = 2*h + 4. Suppose 2*r + 0*i - 4 = -2*i, -r = -d*i + 4. Give q(r).
-8
Let w(k) = -1. Let l(r) = -5*r + 18. Let g(m) = 2*m - 6. Let u(z) = 8*g(z) + 3*l(z). Let h(t) = -u(t) - 3*w(t). What is h(-3)?
0
Let s be (10 + -9)/(2/(-8)). Let w(v) = -v**2 - 5*v - 2. Calculate w(s).
2
Let n(l) = 7*l**3 + 11*l**2 + 4*l - 1. Let v(o) = o**3 + o**2 - 1. Let a(s) = -n(s) + 6*v(s). Give a(-4).
-5
Let s(m) = -m. Let n be s(-1). Let z(v) = -9*v**3 + 2*v**2 - 5*v + 4. Let c(b) = 9*b**3 - 2*b**2 + 6*b - 5. Let r(t) = 3*c(t) + 4*z(t). What is r(n)?
-8
Let z(i) = 4*i + 10. Let u be z(-4). Let n(v) = v**3 + 5*v**2 - 5*v + 8. What is n(u)?
2
Let w = 5 + -3. Let a(c) be the second derivative of c**5/20 - c**4/4 + 2*c. Calculate a(w).
-4
Let x(s) be the first derivative of -s**4/4 - s**3 + 2*s**2 + 4*s - 3. Let v be (-8)/2*6/6. What is x(v)?
4
Let d(m) = -2*m**2 + 4*m + 5. Let n(y) = 4*y**2 - 9*y - 11. Suppose 2*b - 52 = -2*b. Let i(p) = b*d(p) + 6*n(p). Let j be 5/(25/(-15)) - -2. What is i(j)?
-1
Let v = -6 - -8. Let h(z) = z**3 - 2*z**2 + 0 - v*z - 3*z**2 + 6. Suppose -k + 30 = 5*d, 2*d + 3*d = 3*k + 10. Calculate h(k).
-4
Let p(g) = g**3 + 5*g**2 - 5*g + 3. Let h(c) = -2*c + 2. Let v be (-20)/6*24/(-20). Let r be h(v). Calculate p(r).
-3
Let z(j) = 4*j + 2. Let y = 11 - 14. Determine z(y).
-10
Let d(p) = p**2 - p + 3. Let h be (-8)/12*(-9)/1. Let j = h + -6. Calculate d(j).
3
Let h(w) = 2*w - 8. Suppose -2*z - 14 = -z - 5*v, -z - 4*v + 22 = 0. What is h(z)?
4
Let n(a) = a**2 + 7. Let t(g) be the second derivative of -g**4/12 + g**3/6 - 2*g. Let p be t(1). Let s be (0 + p)*(1 + 0). Give n(s).
7
Let d be (-15)/(-6)*12/10. Let b be (-1 - 2)/d - -10. Let a(x) = x - b + 6*x**2 + 9. Give a(1).
7
Suppose -3*x = -12 + 6. Let u(q) = -2*q**2 - q. Determine u(x).
-10
Let j(g) = -7*g**2 + 1. Let h be (1/(-2))/(2/(-8)). Suppose -h = i - 3. Let a be i*3/(-3)*-1. Determine j(a).
-6
Let i(l) be the first derivative of l**4/24 + 4*l**3/3 + l**2/2 + 6. Let x(f) be the second derivative of i(f). Give x(-4).
4
Let d(q) = q**3 + 2*q**2 - 2*q - 1. Suppose 0 = 2*a - 4 - 14. Suppose -4*w = 2*m + 2, m + 2*m = a. Calculate d(w).
3
Let z = 1 - 0. Let h(l) = -7*l**2 - 20*l + 1 + 22*l - 2 + 0. What is h(z)?
-6
Let u be 20/6 + (-2)/6 + 1. Let p(h) be the first derivative of -4*h**2 + 2 + 1/4*h**u - 4/3*h**3 + 7*h. Give p(5).
-8
Let t(w) = -w**2 - 3*w - 3. Suppose 23 - 8 = -3*a. Give t(a).
-13
Suppose -14 - 12 = 4*c + v, 2*v = -5*c - 34. Let l(u)